 - 2. Let x be l(2). Let d(o) = -2*o + 7. Let v(u) = u. Let g(n) = d(n) + 3*v(n). Calculate g(x).
3
Let u be 40/(-24) - (-2)/3. Let i(c) = -3*c - 3. Determine i(u).
0
Let d(z) = 15*z**3 - z**2 + 1. Let o(i) = 7 - 9 + 3 - i. Let t be o(0). What is d(t)?
15
Let t be (12/(-36))/(2/12). Let y be -1*15*t/(-6). Let k(x) = x**3 + 4*x**2 - 6*x - 7. Give k(y).
-2
Let d(k) = -k - 5. Suppose 2*j = 8, -4*o - j + 132 = j. Let g = o + -36. Determine d(g).
0
Let o(v) = -v**3 - 3*v**2 + v + 1. Let c be 4/(0 - 4)*3. Let b be o(c). Let u(w) = -1. Let h(t) = -t**3 + 7*t**2 - 7. Let q(i) = b*u(i) + h(i). Calculate q(7).
-5
Let h be (-3)/(-1) - (-6 - -25). Let z = -11 - h. Suppose 2*n = z*n - 6. Let w(x) = 2*x**3 - 2*x**2 + 2*x - 1. Give w(n).
11
Let c(w) be the first derivative of -w**2/2 - 9*w + 20. Give c(-5).
-4
Let w(g) = 4*g + 22 + 0*g**2 - 26 - 6*g + 4*g**2 - g**3. Let n be 2/8 - 23/(-4). Suppose -q + 3*q - n = 0. What is w(q)?
-1
Let s(n) = -n**3 + 7*n**2 - 4*n - 4. Let b be s(6). Let t(f) be the first derivative of f**4/4 - 8*f**3/3 + f**2/2 - 8*f - 286. Calculate t(b).
0
Let p = 136 - 113. Let k = p - 22. Let c(a) = -9*a + 1. Determine c(k).
-8
Let w(x) = -4*x**2 - x - 2. Suppose -9*g - 155 + 173 = 0. Calculate w(g).
-20
Let o(a) = -a**3 - 12*a**2 + 15*a - 13. Let v be ((-1)/3)/((-9)/(-351)). Determine o(v).
-39
Let v(j) = -2*j**2 + 3*j - 10. Let i(f) = 2*f**2 - 2*f + 9. Let l(h) = 7*i(h) + 6*v(h). Suppose -4*c - 19 - 13 = 0. Let g = 5 + c. What is l(g)?
9
Suppose -3*k + 3*r = 18, -4*r = -9 - 11. Let b be (7 - 2)/(1/k). Let q(g) be the first derivative of g**3/3 + g**2 - 5*g + 6. Calculate q(b).
10
Let f(z) = 7*z**3 - 2*z**2 + 3*z + 4. Suppose 0 = 2*s - 3*o + 8, 0 = 5*s - 5*o + 15. Give f(s).
-8
Let o = 0 + 2. Suppose -o*p + 4 = -8. Let r(i) be the third derivative of i**4/24 - i**3 - 11*i**2 - 3. Give r(p).
0
Let r(i) = i - 1. Let u(x) = 3*x - 5. Let s(f) = -2*r(f) + u(f). Suppose 2*a + 3*q + 2*q - 15 = 0, 0 = 3*q - 3. What is s(a)?
2
Let n(r) = -2*r**3 - 3*r**2 - 3*r - 35. Let v(g) = -g**3 - 2*g**2 - 2*g - 16. Let s(h) = 3*n(h) - 7*v(h). What is s(-5)?
-18
Let t(g) = g**2 + 5*g - 2. Let f(z) = 2*z. Let u be f(1). Suppose 0 = -2*b + b + u. Suppose -b*l - 2*l = 16. Calculate t(l).
-6
Let o(k) = 5*k + 3. Suppose -9*q = -2 + 20. What is o(q)?
-7
Let a = -15 - -21. Let n = a - -14. Let r = n + -14. Let h(o) = -o**3 + 5*o**2 + 7*o - 4. What is h(r)?
2
Let f(a) be the second derivative of 13*a**4/12 + a**3/6 - 52*a + 2. Determine f(-1).
12
Let l(w) = 2*w - w**3 + 5 - 31*w**2 - 29*w**2 - 8 - 32*w**2 + 88*w**2. What is l(-3)?
-18
Let f(q) = -q**2 - 3*q. Let i(l) = 1. Let g(o) = f(o) - 3*i(o). Let b = 416 + -420. Give g(b).
-7
Let q(p) be the second derivative of 7*p**4/6 - p**2/2 - 2*p - 57. Let s = -5 - -4. Calculate q(s).
13
Let p be 1/(-1) + (-7)/(-7). Let z(n) be the third derivative of 7*n**4/24 - 11*n**3/6 + 7*n**2. Let v(x) = 4*x - 5. Let b(l) = 5*v(l) - 3*z(l). Determine b(p).
8
Let n = 39 + -45. Let z(p) = p**3 + 7*p**2 + 7*p + 10. Let s be z(n). Let w(o) = -1 + 2*o + o - 4. What is w(s)?
7
Let f(m) = -m**2 + 18*m + 28. Let g be -38*(0 + 3 + (-35)/10). Determine f(g).
9
Let j(b) = 2*b**2 + 13*b + 10. Suppose -106*u - 105 = 531. Calculate j(u).
4
Let n(k) be the third derivative of -k**5/40 - 3*k**3 + 20*k**2. Let b(r) be the first derivative of n(r). Give b(-3).
9
Suppose 4*w + 0*w = 8. Let a(u) = 4*u**2 - 5*u. Let j(c) = 8*c**2 - 11*c. Let t(k) = w*j(k) - 5*a(k). Give t(2).
-10
Suppose 0*h = 2*h - 6. Suppose 4*d + 4 = -4*a - 0, -2*a - 3 = h*d. Let q(r) = -7*r**3 - r**2 - r - 1. Determine q(d).
6
Let j(l) be the first derivative of l**3/3 - 7*l**2/2 - 13*l + 14. Determine j(9).
5
Let l(g) = -g**2 + 6*g - 4. Let t(x) = -10*x - 5. Let p be t(4). Let r = 49 + p. Calculate l(r).
4
Let s(x) = x**3 - 5*x**2 - 6*x + 2. Let m be s(6). Suppose -22 = -m*f - 12. Let j(l) = l**2 - 7. Determine j(f).
18
Let f = 831 - 830. Let g(a) = -8*a**2 - 1. Determine g(f).
-9
Let y(l) = l**3 - 4*l**2 + 4*l - 4. Suppose -2*k + 11*k = 90. Suppose -5*c + 5 = -k. Calculate y(c).
-1
Let p(v) = -v**2 + 3*v - 3. Let y be 1*(-16)/(-4) + -1. Suppose -f = y*f - 16. Determine p(f).
-7
Let q(t) = -2*t + 4. Let b(k) = 3*k**2 + 21*k + 21. Let i be b(-6). What is q(i)?
-2
Let h(i) be the third derivative of i**6/120 + 13*i**5/60 - 7*i**4/12 + i**3 - 130*i**2. Calculate h(-14).
6
Let w = -1075 + 1076. Let c(p) = -29*p. Determine c(w).
-29
Let s(n) be the second derivative of n**3/2 - 11*n**2/2 - 6*n + 1. Determine s(10).
19
Suppose -5*g = 4*d - 25 - 17, -2*d + 5*g = -6. Let v(z) be the third derivative of -z**6/120 + 3*z**5/20 - 3*z**4/8 - z**3 + 4*z**2. What is v(d)?
-14
Let p be (-18)/(-6) - 4/(-2). Let v(l) = l**3 - 6*l**2 + 6*l. Determine v(p).
5
Let p(g) be the first derivative of g + 8 + g**2 - g**3 - 1/4*g**4. Determine p(-3).
-5
Let r(k) = 13*k - 6. Let w(z) = 14*z - 8. Let n(y) = -3*r(y) + 2*w(y). Give n(3).
-31
Suppose -13*z + 14*z = -5*s + 30, 5*z - 2*s - 15 = 0. Let r(h) = h**2 - 8*h + 12. What is r(z)?
-3
Let q(z) = 10*z - 8*z**2 + 2*z**3 - 12 + 24 - 3*z**3 - 10. Give q(-9).
-7
Suppose -5*y - 7 - 4 = 3*f, 0 = y - 3*f + 13. Let c(i) = 4*i - 3. Determine c(y).
-19
Let d(a) = a - 3. Let t(b) = b**3 + 6*b**2 - 7*b + 7. Suppose 0 = 22*q - 17*q + 35. Let f be t(q). Give d(f).
4
Let d(n) = n - 1. Let q(a) = a**2 + a - 2. Let g(s) = -3*d(s) + 2*q(s). Give g(-2).
9
Let w(o) = -6. Let g(k) = k - 17. Let j(s) = -3*g(s) + 8*w(s). Suppose 3*p + 3*q = 2*q + 18, p - 2*q + 1 = 0. Suppose 8 + 2 = p*v. Calculate j(v).
-3
Let x(i) be the first derivative of 17 - 3/2*i**2 - 3*i - 5/3*i**3. What is x(-2)?
-17
Let x(f) be the first derivative of 3*f**4/4 + f**3 - f + 73. What is x(-3)?
-55
Let p = -1 - 5. Let c(h) = -2 + 41*h - 25*h - 14*h - 1. Give c(p).
-15
Let y(r) be the second derivative of -r**3/3 - 2*r**2 + 11*r + 1. Let i(z) = -4*z - 7. Let o(k) = 3*i(k) - 5*y(k). Determine o(3).
-7
Let u(t) = -t**3 + 16*t**2 - 15*t + 3. Let r be u(15). Suppose 2*s + 54 = 5*x, 2*x = -5*s - 0*s + 39. Suppose -r*h + x = -h. Let l(o) = -o - 1. Determine l(h).
-7
Let t(o) = 2*o**2 + o - 11. Let m(i) = 5*i**2 + i**2 - 5 - 5*i**2. Let k(z) = 7*m(z) - 3*t(z). Give k(5).
8
Suppose 25*n + 50 = 325. Let y(k) = -k**3 + 11*k**2 - 9. What is y(n)?
-9
Let z(m) = 2*m - 18. Suppose -5*g = -45*c + 44*c - 17, 2*c + 5*g = 41. Calculate z(c).
-2
Suppose 140*r = 143*r - 36. Let o(m) = r*m**2 - 9*m**3 - 13*m**2 + 18*m**3 + 1 + 12*m**3 - m. Calculate o(1).
20
Let c(w) = 3*w**3 - 4*w**2 - 2*w. Let y(f) = 4*f**3 - 6*f**2 - 3*f - 1. Let d(o) = -5*c(o) + 4*y(o). Determine d(4).
-12
Let o = -68 - -39. Let i = o - -25. Let c(d) be the first derivative of d**2/2 - 3*d - 1. What is c(i)?
-7
Let u(d) be the second derivative of d**3/2 + 3*d**2/2 + 211*d. Let z(m) = m**3 - 2*m**2 - 4*m + 1. Let r be z(3). Determine u(r).
-3
Let t(l) = 5*l - 4. Suppose 53 = 5*y + 13. Let s be (y + -3)/(10/6). Determine t(s).
11
Let b(m) = -m + 4. Suppose 1 = -4*t - 7. Let c be (t/(-2))/((-2)/(-6)). Let f be -6*(10/(-4) + c). Calculate b(f).
7
Let j(d) = -7*d**2 - 1 - 652*d - d**3 - 648*d + 1299*d. Calculate j(-6).
-31
Let a(h) = -6 + 1 - h - 10 + 20. Determine a(5).
0
Let n = 109 + -107. Let p(g) = 25*g**3 - 3 - 25*g**2 + 27*g**2 + n. What is p(-1)?
-24
Let m(k) be the second derivative of 1/3*k**3 + 13*k + k**2 + 0. What is m(4)?
10
Let t(h) = h**2 + 4*h - 7. Let x be 1/((-7)/2 - (-1 - 2)). Let q be (-4 - 1) + x + 2. Give t(q).
-2
Let w(r) = r**3 + 5*r**2 - 8*r - 5. Suppose -t - 5 = 3*y, -5*t - 5*y - 12 = -3*t. Let x = t + 5. Give w(x).
7
Let v(f) = 7. Let t(c) be the first derivative of c**2/2 + 12*c + 4. Let u(g) = -6*t(g) + 10*v(g). Calculate u(-2).
10
Let m be (5 - 3 - 2) + 2. Let h be m*(2 - 20/(-8)). Suppose h*j = 6*j. Let r(c) = c**3 + c + 1. Calculate r(j).
1
Let d(x) = 7*x - 11 + 10*x**2 + 2*x - 3440*x**3 + 3441*x**3. What is d(-9)?
-11
Let u(q) = q**3 - q**2 + 2*q. Let s be u(3). Let g = s - 17. Let m(b) = b - 9. Calculate m(g).
-2
Let g(f) = f**2 - 10*f + 10. Suppose 272 = 11*z + 23*z. What is g(z)?
-6
Let r(a) be the second derivative of a + 2/3*a**3 - 1 - 1/12*a**4 + 5*a**2. Determine r(7).
-11
Let l(s) = s - 11. Let a(q) = 5*q + 50. Let r(u) = -u**2 + 9*u - 27. Let o be r(6). Let c be a(o). What is l(c)?
-6
Let p(f) = -f**3 - 4*f**2 + 2*f +